{"id":14,"date":"2019-03-29T07:09:39","date_gmt":"2019-03-29T07:09:39","guid":{"rendered":"https:\/\/psgsuli.hu\/kollegium\/?page_id=14"},"modified":"2025-11-03T08:30:50","modified_gmt":"2025-11-03T08:30:50","slug":"szallas-informaciok","status":"publish","type":"page","link":"https:\/\/psgsuli.hu\/kollegium\/szallas-informaciok\/","title":{"rendered":"Sz\u00e1ll\u00e1s inform\u00e1ci\u00f3k"},"content":{"rendered":"<h4><span style=\"font-family: verdana, geneva, sans-serif; color: #000000;\">Sz\u00e1ll\u00e1ssal kapcsolatos inform\u00e1ci\u00f3kat az al\u00e1bbi el\u00e9rhet\u0151s\u00e9geken k\u00e9rhet!<\/span><\/h4>\n<h4><span style=\"font-family: verdana, geneva, sans-serif; color: #000000;\">telefon: 06\/66\/515-578<\/span><\/h4>\n<h4><span style=\"font-family: verdana, geneva, sans-serif; color: #000000;\">email: szallas(kukac)psgsuli.hu<\/span><\/h4>\n","protected":false},"excerpt":{"rendered":"<p>Sz\u00e1ll\u00e1ssal kapcsolatos inform\u00e1ci\u00f3kat az al\u00e1bbi el\u00e9rhet\u0151s\u00e9geken k\u00e9rhet! telefon: 06\/66\/515-578 email: szallas(kukac)psgsuli.hu<\/p>\n","protected":false},"author":1,"featured_media":0,"parent":0,"menu_order":0,"comment_status":"closed","ping_status":"closed","template":"","meta":{"footnotes":""},"class_list":["post-14","page","type-page","status-publish","hentry"],"_links":{"self":[{"href":"https:\/\/psgsuli.hu\/kollegium\/wp-json\/wp\/v2\/pages\/14","targetHints":{"allow":["GET"]}}],"collection":[{"href":"https:\/\/psgsuli.hu\/kollegium\/wp-json\/wp\/v2\/pages"}],"about":[{"href":"https:\/\/psgsuli.hu\/kollegium\/wp-json\/wp\/v2\/types\/page"}],"author":[{"embeddable":true,"href":"https:\/\/psgsuli.hu\/kollegium\/wp-json\/wp\/v2\/users\/1"}],"replies":[{"embeddable":true,"href":"https:\/\/psgsuli.hu\/kollegium\/wp-json\/wp\/v2\/comments?post=14"}],"version-history":[{"count":5,"href":"https:\/\/psgsuli.hu\/kollegium\/wp-json\/wp\/v2\/pages\/14\/revisions"}],"predecessor-version":[{"id":1015,"href":"https:\/\/psgsuli.hu\/kollegium\/wp-json\/wp\/v2\/pages\/14\/revisions\/1015"}],"wp:attachment":[{"href":"https:\/\/psgsuli.hu\/kollegium\/wp-json\/wp\/v2\/media?parent=14"}],"curies":[{"name":"wp","href":"https:\/\/api.w.org\/{rel}","templated":true}]}}