{"id":9,"date":"2019-03-29T07:19:49","date_gmt":"2019-03-29T07:19:49","guid":{"rendered":"https:\/\/psgsuli.hu\/gimnazium\/?page_id=9"},"modified":"2025-11-03T08:56:22","modified_gmt":"2025-11-03T08:56:22","slug":"tanaraink","status":"publish","type":"page","link":"https:\/\/psgsuli.hu\/gimnazium\/tanaraink\/","title":{"rendered":"Tan\u00e1raink"},"content":{"rendered":"<table style=\"width: 71.3502%; height: 399px;\" border=\"1\" width=\"790\">\n<tbody>\n<tr style=\"height: 107px;\">\n<td style=\"width: 59.8965%; height: 107px;\">\n<h4><span style=\"font-family: verdana, geneva, sans-serif; color: #000000;\"><strong>N\u00e9v<\/strong><\/span><\/h4>\n<p>&nbsp;<\/td>\n<td style=\"width: 65.0349%; height: 107px;\">\n<h4><span style=\"font-family: verdana, geneva, sans-serif; color: #000000;\"><strong>Beoszt\u00e1s<\/strong><\/span><\/h4>\n<\/td>\n<\/tr>\n<tr style=\"height: 67px;\">\n<td style=\"width: 59.8965%; height: 67px;\">\n<h4><span style=\"font-family: verdana, geneva, sans-serif; color: #000000;\"><strong>\u00a0HUGYECZ HAJNALKA<\/strong><\/span><\/h4>\n<\/td>\n<td style=\"width: 65.0349%; height: 67px;\">\n<h4><span style=\"font-family: verdana, geneva, sans-serif; color: #000000;\"><strong>igazgat\u00f3<\/strong><\/span><\/h4>\n<\/td>\n<\/tr>\n<tr style=\"height: 67px;\">\n<td style=\"width: 59.8965%; height: 67px;\">\n<h4><span style=\"font-family: verdana, geneva, sans-serif; color: #000000;\"><strong>KISS TIMEA<\/strong><\/span><\/h4>\n<\/td>\n<td style=\"width: 65.0349%; height: 67px;\">\n<h4><span style=\"font-family: verdana, geneva, sans-serif; color: #000000;\"><strong>igazgat\u00f3helyettes<\/strong><\/span><\/h4>\n<\/td>\n<\/tr>\n<tr style=\"height: 67px;\">\n<td style=\"width: 59.8965%; height: 67px;\">\n<h4><span style=\"font-family: verdana, geneva, sans-serif; color: #000000;\"><strong>K\u00d3S\u00c1N\u00c9 BARNA MAGDOLNA<\/strong><\/span><\/h4>\n<\/td>\n<td style=\"width: 65.0349%; height: 67px;\">\n<h4><span style=\"font-family: verdana, geneva, sans-serif; color: #000000;\"><strong>igazgat\u00f3helyettes<\/strong><\/span><\/h4>\n<\/td>\n<\/tr>\n<tr style=\"height: 67px;\">\n<td style=\"width: 59.8965%; height: 67px;\">\n<h4><span style=\"font-family: verdana, geneva, sans-serif; color: #000000;\"><strong>L\u00c1Z\u00c1RN\u00c9 SKORKA KATALIN <\/strong><\/span><\/h4>\n<\/td>\n<td style=\"width: 65.0349%; height: 67px;\">\n<h4><span style=\"font-family: verdana, geneva, sans-serif; color: #000000;\"><strong>iskolalelk\u00e9sz<\/strong><\/span><\/h4>\n<\/td>\n<\/tr>\n<\/tbody>\n<\/table>\n<p>&nbsp;<\/p>\n<table style=\"width: 71.3543%; height: 2295px;\" border=\"1\" width=\"738\">\n<tbody>\n<tr style=\"height: 112px;\">\n<td style=\"width: 50.7801%; height: 112px;\">\n<h4><span style=\"font-family: verdana, geneva, sans-serif; color: #000000;\"><strong>N\u00e9v<\/strong><\/span><\/h4>\n<\/td>\n<td style=\"width: 127.395%; height: 112px;\">\n<h4><span style=\"font-family: verdana, geneva, sans-serif; color: #000000;\"><strong>Szakk\u00e9pzetts\u00e9gek\/ <\/strong><\/span><\/h4>\n<h4><span style=\"font-family: verdana, geneva, sans-serif; color: #000000;\"><strong>ell\u00e1tott feladatok<\/strong><\/span><\/h4>\n<\/td>\n<\/tr>\n<tr style=\"height: 66px;\">\n<td style=\"width: 50.7801%; height: 66px;\">\n<h4><span style=\"font-family: verdana, geneva, sans-serif; color: #000000;\"><strong>ALM\u00c1SI ATTILA<\/strong><\/span><\/h4>\n<\/td>\n<td style=\"width: 127.395%; height: 66px;\">\n<h4><span style=\"font-family: verdana, geneva, sans-serif; color: #000000;\"><strong>t\u00f6rt\u00e9nelem, n\u00e9met<\/strong><\/span><\/h4>\n<\/td>\n<\/tr>\n<tr>\n<td style=\"width: 50.7801%;\">\n<h4><span style=\"color: #000000; font-family: verdana, geneva, sans-serif;\"><strong>BATA EM\u00cdLIA<br \/>\n<\/strong><\/span><\/h4>\n<\/td>\n<td style=\"width: 127.395%;\">\n<h4><span style=\"color: #000000; font-family: verdana, geneva, sans-serif;\"><strong>matematika, n\u00e9met<br \/>\n<\/strong><\/span><\/h4>\n<\/td>\n<\/tr>\n<tr style=\"height: 66px;\">\n<td style=\"width: 50.7801%; height: 66px;\">\n<h4><span style=\"font-family: verdana, geneva, sans-serif; color: #000000;\"><strong>BODA P\u00c9TER<\/strong><\/span><\/h4>\n<\/td>\n<td style=\"width: 127.395%; height: 66px;\">\n<h4><span style=\"font-family: verdana, geneva, sans-serif; color: #000000;\"><strong>f\u00f6ldrajz<\/strong><\/span><\/h4>\n<\/td>\n<\/tr>\n<tr>\n<td style=\"width: 50.7801%;\">\n<h4><span style=\"font-family: verdana, geneva, sans-serif; color: #000000;\"><strong>BOJTOR EDIT<br \/>\n<\/strong><\/span><\/h4>\n<\/td>\n<td style=\"width: 127.395%;\">\n<h4><span style=\"font-family: verdana, geneva, sans-serif; color: #000000;\"><strong>olasz<br \/>\n<\/strong><\/span><\/h4>\n<\/td>\n<\/tr>\n<tr style=\"height: 66px;\">\n<td style=\"width: 50.7801%; height: 66px;\">\n<h4><span style=\"font-family: verdana, geneva, sans-serif; color: #000000;\"><strong>CSOH ILDIK\u00d3<\/strong><\/span><\/h4>\n<\/td>\n<td style=\"width: 127.395%; height: 66px;\">\n<h4><span style=\"font-family: verdana, geneva, sans-serif; color: #000000;\"><strong>angol<\/strong><\/span><\/h4>\n<\/td>\n<\/tr>\n<tr>\n<td style=\"width: 50.7801%;\">\n<h4><span style=\"font-family: verdana, geneva, sans-serif; color: #000000;\"><strong>CSONK\u00c1N\u00c9 B\u00cdR\u00d3 \u00c9VA<br \/>\n<\/strong><\/span><\/h4>\n<\/td>\n<td style=\"width: 127.395%;\">\n<h4><span style=\"font-family: verdana, geneva, sans-serif; color: #000000;\"><strong>tanul\u00e1sm\u00f3dszertan<br \/>\n<\/strong><\/span><\/h4>\n<\/td>\n<\/tr>\n<tr style=\"height: 66px;\">\n<td style=\"width: 50.7801%; height: 66px;\">\n<h4><span style=\"font-family: verdana, geneva, sans-serif; color: #000000;\"><strong>D\u00c1NYI-BERECZKI M\u00c1RTA<\/strong><\/span><\/h4>\n<\/td>\n<td style=\"width: 127.395%; height: 66px;\">\n<h4><span style=\"font-family: verdana, geneva, sans-serif; color: #000000;\"><strong>testnevel\u00e9s<\/strong><\/span><\/h4>\n<\/td>\n<\/tr>\n<tr>\n<td style=\"width: 50.7801%;\">\n<h4><span style=\"font-family: verdana, geneva, sans-serif; color: #000000;\"><strong>F\u00c9S\u0170SN\u00c9 KOCSA KATALIN<br \/>\n<\/strong><\/span><\/h4>\n<\/td>\n<td style=\"width: 127.395%;\">\n<h4><span style=\"font-family: verdana, geneva, sans-serif; color: #000000;\"><strong>n\u00e9met<br \/>\n<\/strong><\/span><\/h4>\n<\/td>\n<\/tr>\n<tr>\n<td style=\"width: 50.7801%;\">\n<h4><span style=\"font-family: verdana, geneva, sans-serif; color: #000000;\"><strong>FINTA \u00c9VA<\/strong><\/span><\/h4>\n<\/td>\n<td style=\"width: 127.395%;\">\n<h4><span style=\"font-family: verdana, geneva, sans-serif; color: #000000;\"><strong>magyar, evang\u00e9likus hittan<\/strong><\/span><\/h4>\n<\/td>\n<\/tr>\n<tr>\n<td style=\"width: 50.7801%;\">\n<h4><span style=\"font-family: verdana, geneva, sans-serif; color: #000000;\"><strong>FODOR-BOND\u00c1R ZSUZSANNA<br \/>\n<\/strong><\/span><\/h4>\n<\/td>\n<td style=\"width: 127.395%;\">\n<h4><span style=\"font-family: verdana, geneva, sans-serif; color: #000000;\"><strong>angol<br \/>\n<\/strong><\/span><\/h4>\n<\/td>\n<\/tr>\n<tr>\n<td style=\"width: 50.7801%;\">\n<h4><span style=\"font-family: verdana, geneva, sans-serif; color: #000000;\"><strong>F\u00d6LDESI RICH\u00c1RD P\u00c9TER<br \/>\n<\/strong><\/span><\/h4>\n<\/td>\n<td style=\"width: 127.395%;\">\n<h4><span style=\"font-family: verdana, geneva, sans-serif; color: #000000;\"><strong>digit\u00e1lis kult\u00fara<br \/>\n<\/strong><\/span><\/h4>\n<\/td>\n<\/tr>\n<tr>\n<td style=\"width: 50.7801%;\">\n<h4><span style=\"font-family: verdana, geneva, sans-serif; color: #000000;\"><strong>HAJZER G\u00c1BOR<\/strong><\/span><\/h4>\n<\/td>\n<td style=\"width: 127.395%;\">\n<h4><span style=\"font-family: verdana, geneva, sans-serif; color: #000000;\"><strong>iskolapszichol\u00f3gus<\/strong><\/span><\/h4>\n<\/td>\n<\/tr>\n<tr>\n<td style=\"width: 50.7801%;\">\n<h4><span style=\"font-family: verdana, geneva, sans-serif; color: #000000;\"><strong>HIDASI L\u00c1SZL\u00d3<br \/>\n<\/strong><\/span><\/h4>\n<\/td>\n<td style=\"width: 127.395%;\">\n<h4><span style=\"font-family: verdana, geneva, sans-serif; color: #000000;\"><strong>testnevel\u00e9s<br \/>\n<\/strong><\/span><\/h4>\n<\/td>\n<\/tr>\n<tr>\n<td style=\"width: 50.7801%;\">\n<h4><span style=\"font-family: verdana, geneva, sans-serif; color: #000000;\"><strong>HORV\u00c1TH-MIK\u00d3 EDIT<br \/>\n<\/strong><\/span><\/h4>\n<\/td>\n<td style=\"width: 127.395%;\">\n<h4><span style=\"font-family: verdana, geneva, sans-serif; color: #000000;\"><strong>magyar<br \/>\n<\/strong><\/span><\/h4>\n<\/td>\n<\/tr>\n<tr>\n<td style=\"width: 50.7801%;\">\n<h4><span style=\"font-family: verdana, geneva, sans-serif; color: #000000;\"><strong>HUGYECZ HAJNALKA<br \/>\n<\/strong><\/span><\/h4>\n<\/td>\n<td style=\"width: 127.395%;\">\n<h4><span style=\"font-family: verdana, geneva, sans-serif; color: #000000;\"><strong>angol<br \/>\n<\/strong><\/span><\/h4>\n<\/td>\n<\/tr>\n<tr>\n<td style=\"width: 50.7801%;\">\n<h4><span style=\"font-family: verdana, geneva, sans-serif; color: #000000;\"><strong>KASZ\u00c1S G\u00c1BOR<br \/>\n<\/strong><\/span><\/h4>\n<\/td>\n<td style=\"width: 127.395%;\">\n<h4><span style=\"font-family: verdana, geneva, sans-serif; color: #000000;\"><strong>angol<br \/>\n<\/strong><\/span><\/h4>\n<\/td>\n<\/tr>\n<tr>\n<td style=\"width: 50.7801%;\">\n<h4><span style=\"font-family: verdana, geneva, sans-serif; color: #000000;\"><strong>KISN\u00c9 P\u00c9TER N\u00d3RA<br \/>\n<\/strong><\/span><\/h4>\n<\/td>\n<td style=\"width: 127.395%;\">\n<h4><span style=\"font-family: verdana, geneva, sans-serif; color: #000000;\"><strong>matematika<br \/>\n<\/strong><\/span><\/h4>\n<\/td>\n<\/tr>\n<tr style=\"height: 66px;\">\n<td style=\"width: 50.7801%; height: 66px;\">\n<h4><span style=\"font-family: verdana, geneva, sans-serif; color: #000000;\"><strong>KISS KATALIN JULIANNA<\/strong><\/span><\/h4>\n<\/td>\n<td style=\"width: 127.395%; height: 66px;\">\n<h4><span style=\"font-family: verdana, geneva, sans-serif; color: #000000;\"><strong>magyar, n\u00e9met<\/strong><\/span><\/h4>\n<\/td>\n<\/tr>\n<tr>\n<td style=\"width: 50.7801%;\">\n<h4><span style=\"font-family: verdana, geneva, sans-serif; color: #000000;\"><strong>KISS TIMEA<br \/>\n<\/strong><\/span><\/h4>\n<\/td>\n<td style=\"width: 127.395%;\">\n<h4><span style=\"font-family: verdana, geneva, sans-serif; color: #000000;\"><strong>n\u00e9met<br \/>\n<\/strong><\/span><\/h4>\n<\/td>\n<\/tr>\n<tr>\n<td style=\"width: 50.7801%;\">\n<h4><span style=\"font-family: verdana, geneva, sans-serif; color: #000000;\"><strong>KOCSORN\u00c9 KOV\u00c1CS BERNADETT<br \/>\n<\/strong><\/span><\/h4>\n<\/td>\n<td style=\"width: 127.395%;\">\n<h4><span style=\"font-family: verdana, geneva, sans-serif; color: #000000;\"><strong>olasz, n\u00e9met<br \/>\n<\/strong><\/span><\/h4>\n<\/td>\n<\/tr>\n<tr style=\"height: 66px;\">\n<td style=\"width: 50.7801%; height: 66px;\">\n<h4><span style=\"font-family: verdana, geneva, sans-serif; color: #000000;\"><strong>KOLOZSI TAM\u00c1S<\/strong><\/span><\/h4>\n<\/td>\n<td style=\"width: 127.395%; height: 66px;\">\n<h4><span style=\"font-family: verdana, geneva, sans-serif; color: #000000;\"><strong>informatikus m\u00e9rn\u00f6k-tan\u00e1r<\/strong><\/span><\/h4>\n<\/td>\n<\/tr>\n<tr style=\"height: 66px;\">\n<td style=\"width: 50.7801%; height: 66px;\">\n<h4><span style=\"font-family: verdana, geneva, sans-serif; color: #000000;\"><strong>KONKOLYN\u00c9 JELENKA KATALIN<\/strong><\/span><\/h4>\n<\/td>\n<td style=\"width: 127.395%; height: 66px;\">\n<h4><span style=\"font-family: verdana, geneva, sans-serif; color: #000000;\"><strong>k\u00e9mia, biol\u00f3gia<\/strong><\/span><\/h4>\n<\/td>\n<\/tr>\n<tr style=\"height: 66px;\">\n<td style=\"width: 50.7801%; height: 66px;\">\n<h4><span style=\"font-family: verdana, geneva, sans-serif; color: #000000;\"><strong>DR. KOV\u00c1CS G\u00c1BOR CSAB\u00c1N\u00c9<\/strong><\/span><\/h4>\n<\/td>\n<td style=\"width: 127.395%; height: 66px;\">\n<h4><span style=\"font-family: verdana, geneva, sans-serif; color: #000000;\"><strong>angol, t\u00f6rt\u00e9nelem, orosz<\/strong><\/span><\/h4>\n<\/td>\n<\/tr>\n<tr>\n<td style=\"width: 50.7801%;\">\n<h4><span style=\"font-family: verdana, geneva, sans-serif; color: #000000;\"><strong>KOV\u00c1CS T\u00dcNDE<br \/>\n<\/strong><\/span><\/h4>\n<\/td>\n<td style=\"width: 127.395%;\">\n<h4><span style=\"font-family: verdana, geneva, sans-serif; color: #000000;\"><strong>biol\u00f3gia, n\u00e9met<br \/>\n<\/strong><\/span><\/h4>\n<\/td>\n<\/tr>\n<tr style=\"height: 66px;\">\n<td style=\"width: 50.7801%; height: 66px;\">\n<h4><span style=\"font-family: verdana, geneva, sans-serif; color: #000000;\"><strong>KOV\u00c1CSN\u00c9 GY\u0150RFI LINDA<\/strong><\/span><\/h4>\n<\/td>\n<td style=\"width: 127.395%; height: 66px;\">\n<h4><span style=\"font-family: verdana, geneva, sans-serif; color: #000000;\"><strong>n\u00e9met<\/strong><\/span><\/h4>\n<\/td>\n<\/tr>\n<tr style=\"height: 66px;\">\n<td style=\"width: 50.7801%; height: 66px;\">\n<h4><span style=\"font-family: verdana, geneva, sans-serif; color: #000000;\"><strong>KUN ILONA<\/strong><\/span><\/h4>\n<\/td>\n<td style=\"width: 127.395%; height: 66px;\">\n<h4><span style=\"font-family: verdana, geneva, sans-serif; color: #000000;\"><strong>f\u00f6ldrajz, t\u00f6rt\u00e9nelem<\/strong><\/span><\/h4>\n<\/td>\n<\/tr>\n<tr style=\"height: 66px;\">\n<td style=\"width: 50.7801%; height: 66px;\">\n<h4><span style=\"font-family: verdana, geneva, sans-serif; color: #000000;\"><strong>LAJK\u00d3N\u00c9 HAJDU SZILVIA IVETT<\/strong><\/span><\/h4>\n<\/td>\n<td style=\"width: 127.395%; height: 66px;\">\n<h4><span style=\"font-family: verdana, geneva, sans-serif; color: #000000;\"><strong>n\u00e9met<\/strong><\/span><\/h4>\n<\/td>\n<\/tr>\n<tr>\n<td style=\"width: 50.7801%;\">\n<h4><span style=\"font-family: verdana, geneva, sans-serif; color: #000000;\"><strong>MOLN\u00c1R ZITA<br \/>\n<\/strong><\/span><\/h4>\n<\/td>\n<td style=\"width: 127.395%;\">\n<h4><span style=\"font-family: verdana, geneva, sans-serif; color: #000000;\"><strong>matematika<br \/>\n<\/strong><\/span><\/h4>\n<\/td>\n<\/tr>\n<tr>\n<td style=\"width: 50.7801%;\">\n<h4><span style=\"font-family: verdana, geneva, sans-serif; color: #000000;\"><strong>MOLN\u00c1RN\u00c9 FARKAS \u00c9VA<br \/>\n<\/strong><\/span><\/h4>\n<\/td>\n<td style=\"width: 127.395%;\">\n<h4><span style=\"font-family: verdana, geneva, sans-serif; color: #000000;\"><strong>matematika<br \/>\n<\/strong><\/span><\/h4>\n<\/td>\n<\/tr>\n<tr>\n<td style=\"width: 50.7801%;\">\n<h4><span style=\"font-family: verdana, geneva, sans-serif; color: #000000;\"><strong>NAGY GABRIELLA<br \/>\n<\/strong><\/span><\/h4>\n<\/td>\n<td style=\"width: 127.395%;\">\n<h4><span style=\"font-family: verdana, geneva, sans-serif; color: #000000;\"><strong>angol<br \/>\n<\/strong><\/span><\/h4>\n<\/td>\n<\/tr>\n<tr>\n<td style=\"width: 50.7801%;\">\n<h4><span style=\"font-family: verdana, geneva, sans-serif; color: #000000;\"><strong>NAGY-GALAJDA \u00c9VA<\/strong><\/span><\/h4>\n<\/td>\n<td style=\"width: 127.395%;\">\n<h4><span style=\"font-family: verdana, geneva, sans-serif; color: #000000;\"><strong>p\u00e9nz\u00fcgyi ismeretek<\/strong><\/span><\/h4>\n<\/td>\n<\/tr>\n<tr>\n<td style=\"width: 50.7801%;\">\n<h4><span style=\"font-family: verdana, geneva, sans-serif; color: #000000;\"><strong>OL\u00c1H BARBARA<br \/>\n<\/strong><\/span><\/h4>\n<\/td>\n<td style=\"width: 127.395%;\">\n<h4><span style=\"font-family: verdana, geneva, sans-serif; color: #000000;\"><strong>n\u00e9met<br \/>\n<\/strong><\/span><\/h4>\n<\/td>\n<\/tr>\n<tr>\n<td style=\"width: 50.7801%;\">\n<h4><span style=\"font-family: verdana, geneva, sans-serif; color: #000000;\"><strong>PETROVSZKIN\u00c9 TOLDI ANIK\u00d3<br \/>\n<\/strong><\/span><\/h4>\n<\/td>\n<td style=\"width: 127.395%;\">\n<h4><span style=\"font-family: verdana, geneva, sans-serif; color: #000000;\"><strong>angol, n\u00e9met<br \/>\n<\/strong><\/span><\/h4>\n<\/td>\n<\/tr>\n<tr style=\"height: 112px;\">\n<td style=\"width: 50.7801%; height: 112px;\">\n<h4><span style=\"font-family: verdana, geneva, sans-serif; color: #000000;\"><strong>P\u00d3CS J\u00d3ZSEF<\/strong><\/span><\/h4>\n<\/td>\n<td style=\"width: 127.395%; height: 112px;\">\n<h4><span style=\"font-family: verdana, geneva, sans-serif; color: #000000;\"><strong>rajz, vizu\u00e1lis- \u00e9s<\/strong><\/span><\/h4>\n<h4><span style=\"font-family: verdana, geneva, sans-serif; color: #000000;\"><strong>k\u00f6rnyezetkult\u00fara<\/strong><\/span><\/h4>\n<\/td>\n<\/tr>\n<tr style=\"height: 66px;\">\n<td style=\"width: 50.7801%; height: 66px;\">\n<h4><span style=\"font-family: verdana, geneva, sans-serif; color: #000000;\"><strong>SOLEVIC-RAMOS RELINDA ESZTER<\/strong><\/span><\/h4>\n<\/td>\n<td style=\"width: 127.395%; height: 66px;\">\n<h4><span style=\"font-family: verdana, geneva, sans-serif; color: #000000;\"><strong>testnevel\u00e9s<\/strong><\/span><\/h4>\n<\/td>\n<\/tr>\n<tr style=\"height: 91px;\">\n<td style=\"width: 50.7801%; height: 91px;\">\n<h4><span style=\"font-family: verdana, geneva, sans-serif; color: #000000;\"><strong>SOMLYAIN\u00c9 CSEH MARGIT GABRIELLA<\/strong><\/span><\/h4>\n<\/td>\n<td style=\"width: 127.395%; height: 91px;\">\n<h4><span style=\"font-family: verdana, geneva, sans-serif; color: #000000;\"><strong>magyar, t\u00f6rt\u00e9nelem<\/strong><\/span><\/h4>\n<p>&nbsp;<\/td>\n<\/tr>\n<tr>\n<td style=\"width: 50.7801%;\">\n<h4><span style=\"color: #000000; font-family: verdana, geneva, sans-serif;\"><strong>SO\u00d3S-HOMOKI \u00c1GNES<br \/>\n<\/strong><\/span><\/h4>\n<\/td>\n<td style=\"width: 127.395%;\">\n<h4><span style=\"color: #000000; font-family: verdana, geneva, sans-serif;\"><strong>magyar, utaz\u00e1s \u00e9s turizmus<br \/>\n<\/strong><\/span><\/h4>\n<\/td>\n<\/tr>\n<tr>\n<td style=\"width: 50.7801%;\">\n<h4><span style=\"color: #000000; font-family: verdana, geneva, sans-serif;\"><strong>SUSZTER \u00c1GNES<br \/>\n<\/strong><\/span><\/h4>\n<\/td>\n<td style=\"width: 127.395%;\">\n<h4><span style=\"color: #000000; font-family: verdana, geneva, sans-serif;\"><strong>matematika, digit\u00e1lis kult\u00fara<br \/>\n<\/strong><\/span><\/h4>\n<\/td>\n<\/tr>\n<tr style=\"height: 66px;\">\n<td style=\"width: 50.7801%; height: 66px;\">\n<h4><span style=\"font-family: verdana, geneva, sans-serif; color: #000000;\"><strong>SZAB\u00d3 KATALIN<\/strong><\/span><\/h4>\n<\/td>\n<td style=\"width: 127.395%; height: 66px;\">\n<h4><span style=\"font-family: verdana, geneva, sans-serif; color: #000000;\"><strong>fizika, technika, matematika<\/strong><\/span><\/h4>\n<\/td>\n<\/tr>\n<tr style=\"height: 66px;\">\n<td style=\"width: 50.7801%; height: 66px;\">\n<h4><span style=\"font-family: verdana, geneva, sans-serif; color: #000000;\"><strong>SZ\u00c9KELY M\u00c1RIA<\/strong><\/span><\/h4>\n<\/td>\n<td style=\"width: 127.395%; height: 66px;\">\n<h4><span style=\"font-family: verdana, geneva, sans-serif; color: #000000;\"><strong>n\u00e9met<\/strong><\/span><\/h4>\n<\/td>\n<\/tr>\n<tr style=\"height: 66px;\">\n<td style=\"width: 50.7801%; height: 66px;\">\n<h4><span style=\"font-family: verdana, geneva, sans-serif; color: #000000;\"><strong>SZ\u00c9KELY SZILVIA<\/strong><\/span><\/h4>\n<\/td>\n<td style=\"width: 127.395%; height: 66px;\">\n<h4><span style=\"font-family: verdana, geneva, sans-serif; color: #000000;\"><strong>\u00e9nek-zene, angol<\/strong><\/span><\/h4>\n<\/td>\n<\/tr>\n<tr>\n<td style=\"width: 50.7801%;\">\n<h4><span style=\"font-family: verdana, geneva, sans-serif; color: #000000;\"><strong>SZIL\u00c1GYI ISTV\u00c1N<br \/>\n<\/strong><\/span><\/h4>\n<\/td>\n<td style=\"width: 127.395%;\">\n<h4><span style=\"font-family: verdana, geneva, sans-serif; color: #000000;\"><strong>matematika, fizika<br \/>\n<\/strong><\/span><\/h4>\n<\/td>\n<\/tr>\n<tr>\n<td style=\"width: 50.7801%;\">\n<h4><span style=\"font-family: verdana, geneva, sans-serif; color: #000000;\"><strong>SZUGYICZKIN\u00c9 BALOG EDIT<br \/>\n<\/strong><\/span><\/h4>\n<\/td>\n<td style=\"width: 127.395%;\">\n<h4><span style=\"font-family: verdana, geneva, sans-serif; color: #000000;\"><strong>tanul\u00e1sm\u00f3dszertan<br \/>\n<\/strong><\/span><\/h4>\n<\/td>\n<\/tr>\n<tr>\n<td style=\"width: 50.7801%;\">\n<h4><span style=\"font-family: verdana, geneva, sans-serif; color: #000000;\"><strong>T\u00d3TH JULIANNA<br \/>\n<\/strong><\/span><\/h4>\n<\/td>\n<td style=\"width: 127.395%;\">\n<h4><span style=\"font-family: verdana, geneva, sans-serif; color: #000000;\"><strong>biol\u00f3gia<br \/>\n<\/strong><\/span><\/h4>\n<\/td>\n<\/tr>\n<tr>\n<td style=\"width: 50.7801%;\">\n<h4><span style=\"font-family: verdana, geneva, sans-serif; color: #000000;\"><strong>V\u00c1RHEGYI-KOV\u00c1CS HAJNALKA<br \/>\n<\/strong><\/span><\/h4>\n<\/td>\n<td style=\"width: 127.395%;\">\n<h4><span style=\"font-family: verdana, geneva, sans-serif; color: #000000;\"><strong>t\u00f6rt\u00e9nelem, magyar<br \/>\n<\/strong><\/span><\/h4>\n<\/td>\n<\/tr>\n<tr>\n<td style=\"width: 50.7801%;\">\n<h4><span style=\"font-family: verdana, geneva, sans-serif; color: #000000;\"><strong>V\u00c9RTES KATALIN<\/strong><\/span><\/h4>\n<\/td>\n<td style=\"width: 127.395%;\">\n<h4><span style=\"font-family: verdana, geneva, sans-serif; color: #000000;\"><strong>term\u00e9szettudom\u00e1ny, biol\u00f3gia<\/strong><\/span><\/h4>\n<\/td>\n<\/tr>\n<\/tbody>\n<\/table>\n<p>&nbsp;<\/p>\n<table style=\"height: 958px; width: 70.7763%;\" border=\"1\" width=\"877\">\n<tbody>\n<tr>\n<td style=\"width: 100%;\">\n<h4><span style=\"font-family: verdana, geneva, sans-serif; color: #000000;\"><strong>Hitoktat\u00f3k<\/strong><\/span><\/h4>\n<\/td>\n<\/tr>\n<tr>\n<td style=\"width: 100%;\">\n<h4><span style=\"font-family: verdana, geneva, sans-serif; color: #000000;\"><strong>EGYEDN\u00c9 KOCSIS KATALIN <\/strong><\/span><\/h4>\n<h4><span style=\"font-family: verdana, geneva, sans-serif; color: #000000;\"><strong>(r\u00f3mai katolikus) <\/strong><\/span><\/h4>\n<\/td>\n<\/tr>\n<tr>\n<td style=\"width: 100%;\">\n<h4><span style=\"font-family: verdana, geneva, sans-serif; color: #000000;\"><strong>FINTA \u00c9VA<\/strong><\/span><\/h4>\n<h4><span style=\"font-family: verdana, geneva, sans-serif; color: #000000;\"><strong>(evang\u00e9likus)<\/strong><\/span><\/h4>\n<\/td>\n<\/tr>\n<tr>\n<td style=\"width: 100%;\">\n<h4><span style=\"font-family: verdana, geneva, sans-serif; color: #000000;\"><strong>L\u00c1Z\u00c1RN\u00c9 SKORKA KATALIN <\/strong><\/span><\/h4>\n<h4><span style=\"font-family: verdana, geneva, sans-serif; color: #000000;\"><strong>(evang\u00e9likus)<\/strong><\/span><\/h4>\n<\/td>\n<\/tr>\n<tr>\n<td style=\"width: 100%;\">\n<h4><span style=\"font-family: verdana, geneva, sans-serif; color: #000000;\"><strong>SELMECZI LAJOS P\u00c9TER <\/strong><\/span><\/h4>\n<h4><span style=\"font-family: verdana, geneva, sans-serif; color: #000000;\"><strong>(evang\u00e9likus)<\/strong><\/span><\/h4>\n<\/td>\n<\/tr>\n<tr>\n<td style=\"width: 100%;\">\n<h4><span style=\"font-family: verdana, geneva, sans-serif; color: #000000;\"><strong>SOLYMOSIN\u00c9 RO\u00d3SZ VIKT\u00d3RIA <\/strong><\/span><\/h4>\n<h4><span style=\"font-family: verdana, geneva, sans-serif; color: #000000;\"><strong>(reform\u00e1tus)<\/strong><\/span><\/h4>\n<\/td>\n<\/tr>\n<tr>\n<td style=\"width: 100%;\">\n<h4><span style=\"font-family: verdana, geneva, sans-serif; color: #000000;\"><strong>SZAB\u00d3 R\u00d3ZSA <\/strong><\/span><\/h4>\n<h4><span style=\"font-family: verdana, geneva, sans-serif; color: #000000;\"><strong>(reform\u00e1tus) <\/strong><\/span><\/h4>\n<\/td>\n<\/tr>\n<tr>\n<td style=\"width: 100%;\">\n<h4><span style=\"font-family: verdana, geneva, sans-serif; color: #000000;\"><strong>T\u00c1NCZOS ESZTER <\/strong><\/span><\/h4>\n<h4><span style=\"font-family: verdana, geneva, sans-serif; color: #000000;\"><strong>(r\u00f3mai katolikus)<\/strong><\/span><\/h4>\n<\/td>\n<\/tr>\n<tr>\n<td style=\"width: 100%;\">\n<h4><span style=\"font-family: verdana, geneva, sans-serif; color: #000000;\"><strong>DR. VARGA M\u00c1T\u00c9<\/strong><\/span><\/h4>\n<h4><span style=\"font-family: verdana, geneva, sans-serif; color: #000000;\"><strong>(evang\u00e9likus)<\/strong><\/span><\/h4>\n<\/td>\n<\/tr>\n<\/tbody>\n<\/table>\n<h4 style=\"text-align: center;\"><span style=\"font-family: verdana, geneva, sans-serif; color: #000000;\">Fogad\u00f3\u00f3r\u00e1k <span style=\"color: #0000ff;\"><a style=\"color: #0000ff;\" href=\"https:\/\/psgsuli.hu\/gimnazium\/wp-content\/uploads\/sites\/3\/2024\/09\/fogado\u0301-o\u0301ra\u0301k.pdf\">IDE<\/a> <\/span>kattintva \u00e9rhet\u0151ek el.<br \/>\n<\/span><\/h4>\n","protected":false},"excerpt":{"rendered":"<p>N\u00e9v &nbsp; Beoszt\u00e1s \u00a0HUGYECZ HAJNALKA igazgat\u00f3 KISS TIMEA igazgat\u00f3helyettes K\u00d3S\u00c1N\u00c9 BARNA MAGDOLNA igazgat\u00f3helyettes L\u00c1Z\u00c1RN\u00c9 SKORKA KATALIN iskolalelk\u00e9sz &nbsp; N\u00e9v Szakk\u00e9pzetts\u00e9gek\/ ell\u00e1tott feladatok ALM\u00c1SI ATTILA t\u00f6rt\u00e9nelem, n\u00e9met BATA EM\u00cdLIA matematika, n\u00e9met BODA P\u00c9TER f\u00f6ldrajz BOJTOR EDIT olasz CSOH ILDIK\u00d3 angol CSONK\u00c1N\u00c9 B\u00cdR\u00d3 \u00c9VA tanul\u00e1sm\u00f3dszertan D\u00c1NYI-BERECZKI M\u00c1RTA testnevel\u00e9s F\u00c9S\u0170SN\u00c9 KOCSA KATALIN n\u00e9met FINTA \u00c9VA magyar, evang\u00e9likus hittan [&hellip;]<\/p>\n","protected":false},"author":1,"featured_media":0,"parent":0,"menu_order":0,"comment_status":"closed","ping_status":"closed","template":"","meta":{"footnotes":""},"class_list":["post-9","page","type-page","status-publish","hentry"],"_links":{"self":[{"href":"https:\/\/psgsuli.hu\/gimnazium\/wp-json\/wp\/v2\/pages\/9","targetHints":{"allow":["GET"]}}],"collection":[{"href":"https:\/\/psgsuli.hu\/gimnazium\/wp-json\/wp\/v2\/pages"}],"about":[{"href":"https:\/\/psgsuli.hu\/gimnazium\/wp-json\/wp\/v2\/types\/page"}],"author":[{"embeddable":true,"href":"https:\/\/psgsuli.hu\/gimnazium\/wp-json\/wp\/v2\/users\/1"}],"replies":[{"embeddable":true,"href":"https:\/\/psgsuli.hu\/gimnazium\/wp-json\/wp\/v2\/comments?post=9"}],"version-history":[{"count":53,"href":"https:\/\/psgsuli.hu\/gimnazium\/wp-json\/wp\/v2\/pages\/9\/revisions"}],"predecessor-version":[{"id":12141,"href":"https:\/\/psgsuli.hu\/gimnazium\/wp-json\/wp\/v2\/pages\/9\/revisions\/12141"}],"wp:attachment":[{"href":"https:\/\/psgsuli.hu\/gimnazium\/wp-json\/wp\/v2\/media?parent=9"}],"curies":[{"name":"wp","href":"https:\/\/api.w.org\/{rel}","templated":true}]}}