{"id":10883,"date":"2024-04-30T20:10:31","date_gmt":"2024-04-30T20:10:31","guid":{"rendered":"https:\/\/psgsuli.hu\/gimnazium\/?page_id=10883"},"modified":"2026-04-28T09:31:56","modified_gmt":"2026-04-28T09:31:56","slug":"vegleges-felveteli-jegyzek","status":"publish","type":"page","link":"https:\/\/psgsuli.hu\/gimnazium\/vegleges-felveteli-jegyzek\/","title":{"rendered":"Egyeztetett felv\u00e9teli jegyz\u00e9k 2026\/2027."},"content":{"rendered":"<p>&nbsp;<\/p>\n<p style=\"text-align: center;\"><strong><span style=\"font-family: verdana, geneva, sans-serif; color: #000000;\">KEDVES LEEND\u0150 DI\u00c1KJAINK!<\/span><\/strong><\/p>\n<p style=\"text-align: center;\"><span style=\"font-size: 10pt;\"><strong><span style=\"font-family: verdana, geneva, sans-serif; color: #000000;\">K\u00f6sz\u00f6nj\u00fck, hogy int\u00e9zm\u00e9ny\u00fcnket v\u00e1lasztott\u00e1tok!<\/span><\/strong><\/span><br \/>\n<span style=\"font-size: 10pt;\"><strong><span style=\"font-family: verdana, geneva, sans-serif; color: #000000;\">A felv\u00e9teli eredm\u00e9ny\u00e9t a teljes n\u00e9v \u00e9s az oktat\u00e1si azonos\u00edt\u00f3 vagy jelige megad\u00e1s\u00e1val tekinthetitek meg.<\/span><\/strong><\/span><br \/>\n<span style=\"font-size: 10pt;\"><strong><span style=\"font-family: verdana, geneva, sans-serif; color: #000000;\">A beiratkoz\u00e1shoz sz\u00fcks\u00e9ges t\u00e1j\u00e9koztat\u00e1st m\u00e1jus 8-ig postai \u00faton megk\u00fcldj\u00fck.<\/span><\/strong><\/span><\/p>\n<p style=\"text-align: center;\"><span style=\"font-size: 10pt;\"><strong><span style=\"font-family: verdana, geneva, sans-serif; color: #000000;\">Szeretettel v\u00e1runk Benneteket a PSG-ben!<\/span><\/strong><\/span><\/p>\n<p>&nbsp;<\/p>\n<p><iframe loading=\"lazy\" src=\"https:\/\/psgsuli.hu\/felveteli_egyeztetett_2627\" width=\"900\" height=\"400\"> <\/iframe><\/p>\n","protected":false},"excerpt":{"rendered":"<p>&nbsp; KEDVES LEEND\u0150 DI\u00c1KJAINK! K\u00f6sz\u00f6nj\u00fck, hogy int\u00e9zm\u00e9ny\u00fcnket v\u00e1lasztott\u00e1tok! A felv\u00e9teli eredm\u00e9ny\u00e9t a teljes n\u00e9v \u00e9s az oktat\u00e1si azonos\u00edt\u00f3 vagy jelige megad\u00e1s\u00e1val tekinthetitek meg. A beiratkoz\u00e1shoz sz\u00fcks\u00e9ges t\u00e1j\u00e9koztat\u00e1st m\u00e1jus 8-ig postai \u00faton megk\u00fcldj\u00fck. Szeretettel v\u00e1runk Benneteket a PSG-ben! &nbsp;<\/p>\n","protected":false},"author":1,"featured_media":0,"parent":0,"menu_order":0,"comment_status":"closed","ping_status":"closed","template":"","meta":{"footnotes":""},"class_list":["post-10883","page","type-page","status-publish","hentry"],"_links":{"self":[{"href":"https:\/\/psgsuli.hu\/gimnazium\/wp-json\/wp\/v2\/pages\/10883","targetHints":{"allow":["GET"]}}],"collection":[{"href":"https:\/\/psgsuli.hu\/gimnazium\/wp-json\/wp\/v2\/pages"}],"about":[{"href":"https:\/\/psgsuli.hu\/gimnazium\/wp-json\/wp\/v2\/types\/page"}],"author":[{"embeddable":true,"href":"https:\/\/psgsuli.hu\/gimnazium\/wp-json\/wp\/v2\/users\/1"}],"replies":[{"embeddable":true,"href":"https:\/\/psgsuli.hu\/gimnazium\/wp-json\/wp\/v2\/comments?post=10883"}],"version-history":[{"count":18,"href":"https:\/\/psgsuli.hu\/gimnazium\/wp-json\/wp\/v2\/pages\/10883\/revisions"}],"predecessor-version":[{"id":12249,"href":"https:\/\/psgsuli.hu\/gimnazium\/wp-json\/wp\/v2\/pages\/10883\/revisions\/12249"}],"wp:attachment":[{"href":"https:\/\/psgsuli.hu\/gimnazium\/wp-json\/wp\/v2\/media?parent=10883"}],"curies":[{"name":"wp","href":"https:\/\/api.w.org\/{rel}","templated":true}]}}

Egyeztetett felvételi jegyzék 2026/2027.

<p>&nbsp;</p>
<p style="text-align: center;"><strong><span style="font-family: verdana, geneva, sans-serif; color: #000000;">KEDVES LEENDŐ DIÁKJAINK!</span></strong></p>
<p style="text-align: center;"><span style="font-size: 10pt;"><strong><span style="font-family: verdana, geneva, sans-serif; color: #000000;">Köszönjük, hogy intézményünket választottátok!</span></strong></span><br />
<span style="font-size: 10pt;"><strong><span style="font-family: verdana, geneva, sans-serif; color: #000000;">A felvételi eredményét a teljes név és az oktatási azonosító vagy jelige megadásával tekinthetitek meg.</span></strong></span><br />
<span style="font-size: 10pt;"><strong><span style="font-family: verdana, geneva, sans-serif; color: #000000;">A beiratkozáshoz szükséges tájékoztatást május 8-ig postai úton megküldjük.</span></strong></span></p>
<p style="text-align: center;"><span style="font-size: 10pt;"><strong><span style="font-family: verdana, geneva, sans-serif; color: #000000;">Szeretettel várunk Benneteket a PSG-ben!</span></strong></span></p>
<p>&nbsp;</p>
<p><iframe loading="lazy" src="https://psgsuli.hu/felveteli_egyeztetett_2627" width="900" height="400"> </iframe></p>

<p>&nbsp; KEDVES LEENDŐ DIÁKJAINK! Köszönjük, hogy intézményünket választottátok! A felvételi eredményét a teljes név és az oktatási azonosító vagy jelige megadásával tekinthetitek meg. A beiratkozáshoz szükséges tájékoztatást május 8-ig postai úton megküldjük. Szeretettel várunk Benneteket a PSG-ben! &nbsp;</p>
