{"id":10813,"date":"2024-03-19T13:56:09","date_gmt":"2024-03-19T13:56:09","guid":{"rendered":"https:\/\/psgsuli.hu\/gimnazium\/?page_id=10813"},"modified":"2025-03-19T10:19:30","modified_gmt":"2025-03-19T10:19:30","slug":"ideiglenes-felveteli-jegyzek","status":"publish","type":"page","link":"https:\/\/psgsuli.hu\/gimnazium\/ideiglenes-felveteli-jegyzek\/","title":{"rendered":"Ideiglenes felv\u00e9teli jegyz\u00e9k 2025\/2026."},"content":{"rendered":"<h4><\/h4>\n<p>&nbsp;<\/p>\n<h4><\/h4>\n<h4 style=\"text-align: center;\"><span style=\"font-family: verdana, geneva, sans-serif; color: #000000;\">Kedves Sz\u00fcl\u0151 \u00e9s kedves leend\u0151 Di\u00e1kunk!<\/span><\/h4>\n<p>&nbsp;<\/p>\n<h4 style=\"text-align: justify;\"><span style=\"font-family: verdana, geneva, sans-serif; color: #000000;\">Az al\u00e1bbiakban megtal\u00e1lj\u00e1k a Mez\u0151ber\u00e9nyi Pet\u0151fi S\u00e1ndor Evang\u00e9likus Gimn\u00e1zium, Koll\u00e9gium \u00e9s \u00c1ltal\u00e1nos Iskola ideiglenes felv\u00e9teli jegyz\u00e9k\u00e9t.<\/span><br \/>\n<span style=\"font-family: verdana, geneva, sans-serif; color: #000000;\">Felh\u00edvjuk sz\u00edves figyelm\u00fcket, hogy a jegyz\u00e9kben elfoglalt hely nem v\u00e9gleges, a rangsorban elfoglalt helyr\u0151l a tanul\u00f3 L\u00c9NYEGESEN EL\u0150BBRE KER\u00dcLHET \u00e9s felv\u00e9telt nyerhet int\u00e9zm\u00e9ny\u00fcnkbe.<\/span><br \/>\n<span style=\"font-family: verdana, geneva, sans-serif; color: #000000;\">Amennyiben mindenk\u00e9ppen a PSG di\u00e1kja szeretn\u00e9l lenni javasoljuk, hogy m\u00f3dos\u00edtsd jelentkez\u00e9si sorrendedet \u00e9s iskol\u00e1nkat els\u0151 helyen jel\u00f6ld meg!<\/span><br \/>\n<span style=\"font-family: verdana, geneva, sans-serif; color: #000000;\">A felv\u00e9teli vizsg\u00e1k eredm\u00e9nyei, tapasztalatai vagy egy\u00e9b inform\u00e1ci\u00f3k alapj\u00e1n 2025. m\u00e1rcius 25-27. k\u00f6z\u00f6tti id\u0151szakban a tanul\u00f3knak lehet\u0151s\u00e9g\u00fck van a tanul\u00f3i adatlapon szerepl\u0151 sorrend megv\u00e1ltoztat\u00e1s\u00e1ra, illetve \u00faj tanulm\u00e1nyi ter\u00fclet felv\u00e9tel\u00e9re is. Az \u00faj tanulm\u00e1nyi ter\u00fclet felv\u00e9tel\u00e9hez el\u0151zetes egyeztet\u00e9s is sz\u00fcks\u00e9ges az int\u00e9zm\u00e9ny\u00fcnkkel.<\/span><br \/>\n<span style=\"font-family: verdana, geneva, sans-serif; color: #000000;\">A m\u00f3dos\u00edt\u00e1s sor\u00e1n tanulm\u00e1nyi ter\u00fcletet t\u00f6r\u00f6lni nem lehet. A v\u00e1ltoztat\u00e1shoz m\u00f3dos\u00edt\u00f3 tanul\u00f3i adatlapot kell el\u0151\u00e1ll\u00edtani a KIFIR rendszerb\u0151l, amelyet 2025. m\u00e1rcius 27-ig meg kell k\u00fcldeni a Hivatalba. A m\u00f3dos\u00edt\u00f3 tanul\u00f3i adatlap el\u0151\u00e1ll\u00edt\u00e1s\u00e1t \u00e9s a Hivatalhoz t\u00f6rt\u00e9n\u0151 tov\u00e1bb\u00edt\u00e1s\u00e1t szint\u00e9n a tanul\u00f3 \u00e1ltal\u00e1nos iskol\u00e1ja v\u00e9gzi.<\/span><br \/>\n<span style=\"font-family: verdana, geneva, sans-serif; color: #000000;\">\u00daj iskol\u00e1t (\u00e9s annak tanulm\u00e1nyi ter\u00fclet\u00e9t) nem lehet a m\u00f3dos\u00edt\u00f3 tanul\u00f3i adatlapon felt\u00fcntetni.<\/span><br \/>\n<span style=\"font-family: verdana, geneva, sans-serif; color: #000000;\">A pontsz\u00e1m\u00edt\u00e1ssal kapcsolatos \u00e9szrev\u00e9teleket, k\u00e9rd\u00e9seket kiz\u00e1r\u00f3lag \u00edr\u00e1sban a titkarsag@psgsuli.hu email c\u00edmre v\u00e1rjuk!<\/span><br \/>\n<span style=\"font-family: verdana, geneva, sans-serif; color: #000000;\">Mivel egy tanul\u00f3 t\u00f6bb tagozatk\u00f3dot, illetve t\u00f6bb int\u00e9zm\u00e9nyt is megjel\u00f6lhetett a felv\u00e9teli elj\u00e1r\u00e1s sor\u00e1n, de csak egy iskola egy tagozatk\u00f3dj\u00e1ra fog felv\u00e9telt nyerni, a lista az \u00f6sszes olyan tanul\u00f3t tartalmazza, aki valah\u00e1nyadik helyen megjel\u00f6lte int\u00e9zm\u00e9ny\u00fcnket.<\/span><br \/>\n<span style=\"font-family: verdana, geneva, sans-serif; color: #000000;\">Pontegyenl\u0151s\u00e9g eset\u00e9n is nagyban n\u00f6velheti a jelentkez\u0151 es\u00e9ly\u00e9t, ha min\u00e9l el\u0151bbre rangsorolja int\u00e9zm\u00e9ny\u00fcnket.<\/span><br \/>\n<span style=\"font-family: verdana, geneva, sans-serif; color: #000000;\">Az al\u00e1bbi linken tov\u00e1bbi inform\u00e1ci\u00f3k tal\u00e1lhat\u00f3k:<\/span><\/h4>\n<h4><span style=\"font-family: verdana, geneva, sans-serif; color: #0000ff;\"><a style=\"color: #0000ff;\" href=\"https:\/\/www.oktatas.hu\/kozneveles\/kozepfoku_felveteli_eljaras\/gyakran_ismetelt_kerdesek\">https:\/\/www.oktatas.hu\/kozneveles\/kozepfoku_felveteli_eljaras\/gyakran_ismetelt_kerdesek<\/a><\/span><\/h4>\n<h2><\/h2>\n<p>&nbsp;<\/p>\n<h4 style=\"text-align: center;\"><strong><span style=\"font-family: verdana, geneva, sans-serif;\">A felv\u00e9teli jegyz\u00e9ket itt tekintheti meg:<\/span><\/strong><\/h4>\n<p>&nbsp;<\/p>\n<p style=\"text-align: center;\"><a href=\"https:\/\/psgsuli.hu\/gimnazium\/wp-content\/uploads\/sites\/3\/2025\/03\/Ideiglenes-felv\u00e9teli.pdf\"><span style=\"color: #0000ff; font-family: verdana, geneva, sans-serif; font-size: 14pt;\"><strong><span style=\"color: #3366ff;\">A Mez\u0151ber\u00e9nyi Pet\u0151fi S\u00e1ndor Evang\u00e9likus Gimn\u00e1zium, Koll\u00e9gium \u00e9s \u00c1ltal\u00e1nos Iskol\u00e1ba jelentkezett tanul\u00f3k felv\u00e9teli jegyz\u00e9ke tagozatonk\u00e9nt 2025.<\/span><\/strong><\/span><\/a><\/p>\n<p>&nbsp;<\/p>\n","protected":false},"excerpt":{"rendered":"<p>&nbsp; Kedves Sz\u00fcl\u0151 \u00e9s kedves leend\u0151 Di\u00e1kunk! &nbsp; Az al\u00e1bbiakban megtal\u00e1lj\u00e1k a Mez\u0151ber\u00e9nyi Pet\u0151fi S\u00e1ndor Evang\u00e9likus Gimn\u00e1zium, Koll\u00e9gium \u00e9s \u00c1ltal\u00e1nos Iskola ideiglenes felv\u00e9teli jegyz\u00e9k\u00e9t. Felh\u00edvjuk sz\u00edves figyelm\u00fcket, hogy a jegyz\u00e9kben elfoglalt hely nem v\u00e9gleges, a rangsorban elfoglalt helyr\u0151l a tanul\u00f3 L\u00c9NYEGESEN EL\u0150BBRE KER\u00dcLHET \u00e9s felv\u00e9telt nyerhet int\u00e9zm\u00e9ny\u00fcnkbe. Amennyiben mindenk\u00e9ppen a PSG di\u00e1kja szeretn\u00e9l lenni javasoljuk, [&hellip;]<\/p>\n","protected":false},"author":1,"featured_media":0,"parent":0,"menu_order":0,"comment_status":"closed","ping_status":"closed","template":"","meta":{"footnotes":""},"class_list":["post-10813","page","type-page","status-publish","hentry"],"_links":{"self":[{"href":"https:\/\/psgsuli.hu\/gimnazium\/wp-json\/wp\/v2\/pages\/10813","targetHints":{"allow":["GET"]}}],"collection":[{"href":"https:\/\/psgsuli.hu\/gimnazium\/wp-json\/wp\/v2\/pages"}],"about":[{"href":"https:\/\/psgsuli.hu\/gimnazium\/wp-json\/wp\/v2\/types\/page"}],"author":[{"embeddable":true,"href":"https:\/\/psgsuli.hu\/gimnazium\/wp-json\/wp\/v2\/users\/1"}],"replies":[{"embeddable":true,"href":"https:\/\/psgsuli.hu\/gimnazium\/wp-json\/wp\/v2\/comments?post=10813"}],"version-history":[{"count":25,"href":"https:\/\/psgsuli.hu\/gimnazium\/wp-json\/wp\/v2\/pages\/10813\/revisions"}],"predecessor-version":[{"id":11675,"href":"https:\/\/psgsuli.hu\/gimnazium\/wp-json\/wp\/v2\/pages\/10813\/revisions\/11675"}],"wp:attachment":[{"href":"https:\/\/psgsuli.hu\/gimnazium\/wp-json\/wp\/v2\/media?parent=10813"}],"curies":[{"name":"wp","href":"https:\/\/api.w.org\/{rel}","templated":true}]}}